s the units digit of p?
9
Let r(t) = -46*t**3. Let p be r(1). Let h be p/((-1 - -2) + -3). Let j = h - 12. What is the tens digit of j?
1
Suppose -5*h = 5*m - 2465 + 535, 2*m = -h + 767. What is the units digit of m?
1
Suppose -2*q - 3 = -3*q. Suppose -5*s = 2*k - 16 + 4, 0 = -q*k + 3*s + 18. Let v = k + 16. What is the units digit of v?
2
Let z(x) = x**2 - x - 3. Let c be z(3). Let p(d) = 2*d**2 - 2*d - 40 + 42 - d. What is the tens digit of p(c)?
1
Let f(r) = -r**3 + 7*r**2 + 2*r - 3. Suppose -11 = -2*p - s, -4*p = 2*s - 5*s - 37. What is the units digit of f(p)?
1
Let r = 403 - 1383. What is the units digit of r/(-25) - (-2)/(-10)?
9
Suppose 0 = -4*v - 74 + 314. Suppose -3*n + t = -v, -n - 3*t = n - 29. What is the tens digit of n?
1
Let w(y) = -2*y - 30. What is the tens digit of w(-27)?
2
Suppose -5*b + 387 = -4*d - 254, -2*b - 662 = 4*d. What is the units digit of d/(-6) + 8/12?
8
Let f(s) = 26*s**3 - s**2 + s. Let x be f(1). What is the units digit of -3 + (x - (-4)/2)?
5
Let y = 182 - 130. What is the tens digit of y?
5
Let u = -3 - -4. Let n be u*(-1 - -1) + 4. Suppose -o - 9 = -n*o. What is the units digit of o?
3
Let v be 1*(1 - -3 - -1). Suppose r = -5*h + 1 + 15, 5*r = -v*h. What is the units digit of h?
4
What is the units digit of (2/6)/(2/162)?
7
What is the tens digit of 4 - (-33 - (-1)/1)?
3
Let j = 40 - 14. Let t = j + -16. What is the units digit of t?
0
Suppose -i + 0*i + 3 = 0. Suppose -2*o - 2*o - 3 = i*d, -1 = 3*o + 2*d. Suppose 5*f + 14 = z + f, 2*f = o*z - 12. What is the units digit of z?
2
Let h(i) = -4*i - 16. Let q(g) = g - 1. Let s(j) = 5. Let t(o) = q(o) + s(o). Let n(x) = 2*h(x) + 9*t(x). What is the units digit of n(0)?
4
Let h(w) = 92*w**2 + 3*w + 4. What is the tens digit of h(-1)?
9
Let z be 6*(-1)/(-6 - -3). Let l = 6 - z. What is the units digit of l?
4
Let v = -44 + 141. What is the units digit of v?
7
Let m(v) = -742*v. Let c be m(2). What is the units digit of c/(-42) - (-2)/(-6)?
5
Suppose 6*q = 9*q. Suppose 8*d + 3 = 3*d + 3*x, d + 15 = -3*x. Let u = q - d. What is the units digit of u?
3
Suppose 0 = -2*j - c - c + 80, j = 5*c + 46. What is the units digit of j?
1
Let l(o) = 2*o**2 - 9*o - 3. Let q be l(7). Let y = q + -16. What is the tens digit of y?
1
Let c be -6*((-6)/4 - -1). Suppose -29 = -3*m - 2*o - c*o, 3*m = o + 5. Let q = 10 - m. What is the units digit of q?
7
Suppose 5*r = 3*b + 59, 4*b - 5*r = -b - 115. Let x = -15 - b. What is the tens digit of x?
1
Suppose k - 64 = 4*a, 7*k - 3*k = 3*a + 321. What is the units digit of k?
4
Let j(o) = 14*o. Let c be j(-1). Let k = c - -21. Suppose v - k = -2. What is the units digit of v?
5
Suppose -3*k = -2*k. Suppose 4*i - 7*i + 84 = k. What is the tens digit of i?
2
Let p(m) = -m**3 + 13*m**2 - 11*m + 16. Let d be 111/9 - (-4)/(-12). What is the units digit of p(d)?
8
Let y(h) = 2*h**2 - h + 3. Let q be y(5). Suppose 10*a - q = 6*a. What is the units digit of a?
2
Let g(v) = -v + 11 - 3*v + 3*v + 0*v. What is the tens digit of g(-5)?
1
Let n(o) = 5*o + 7. What is the units digit of n(4)?
7
Suppose -13 = 4*p - 45. What is the units digit of p?
8
Let s = 117 - 61. Let l = s - 32. What is the tens digit of l?
2
Suppose -46*m + 48*m = 188. What is the units digit of m?
4
Let h(o) = 3*o**2 + 10*o - 16. What is the units digit of h(-7)?
1
Suppose 5*i = 3*k - 170, 4*k + 2*i - 129 = 115. Suppose k = -3*n + z, 0 = -2*n + 6*n + 5*z + 80. Let b = n + 37. What is the units digit of b?
7
Let i be (52/6)/(8/12). Suppose 3*f = i + 2. What is the units digit of (-1)/f - 31/(-5)?
6
Let w(c) = c**2 + 6*c - 11. Let q be w(-8). Let y = q + -3. What is the units digit of ((-6)/9)/(y/(-9))?
3
Let a be ((-18)/4 - -3)*-2. Suppose 0 = v - 4 + a. What is the units digit of v?
1
Suppose 0 = 5*d - 0*d - a - 19, d = -3*a - 9. Suppose d*y + z = 10, z = -3*y - 3*z + 13. What is the units digit of y?
3
Let h(g) = 10*g. Let k(x) = -x**3 - 10*x**2 - 8*x + 10. Let q be k(-9). Let d = q - 0. What is the tens digit of h(d)?
1
Let b = -1 + 4. Let l(p) be the second derivative of p**5/20 - p**4/4 + p**3/3 + 3*p**2/2 - 4*p. What is the units digit of l(b)?
9
Suppose 96 = -11*u + 14*u. What is the tens digit of u?
3
Suppose 0*v - 4*k = v - 11, -4*v + 26 = -2*k. Let g(o) = -o**3 + 7*o**2 - o + 9. Let q be g(v). Suppose -4*a + 14 = -q*a. What is the units digit of a?
7
Let g = -4 + 6. Let r = g - 8. Let s(j) = j**2 + 6*j + 5. What is the units digit of s(r)?
5
Let q = -116 + 157. What is the units digit of q?
1
Let w = 3 - 4. Let s be (0/(-1))/(w - 0). What is the units digit of (2 + 2)/(s + 2)?
2
Let w(p) = p + 6. What is the units digit of w(-3)?
3
Let v(m) = -m**3 - 3*m**2 - 3. Let g be v(-3). What is the units digit of -2 - ((g - 3) + 3)?
1
Let r(z) = 6*z + 26. Let a(h) = -h - 5. Let l be (2 - -1)/3 + 1. Let k(b) = l*r(b) + 11*a(b). What is the units digit of k(5)?
2
Let z(j) = j**2 + 3 + j - 6*j**3 - 4 - 4*j. Let k be z(-2). Suppose -y - 2*y = -k. What is the units digit of y?
9
Let a = 31 + -18. Suppose g - 8 = a. What is the units digit of g?
1
Let h(z) be the third derivative of -z**4/6 - z**3/6 + z**2. Suppose -s = -g - 5, 7*g - 16 = 3*g - 5*s. What is the units digit of h(g)?
3
Suppose -4*z + 2*h = -5 - 1, -2*z + 2*h = 0. Let i be (-2 - (3 - 2))/(-1). Let t = z + i. What is the units digit of t?
6
Suppose -2*f + 3*f - 1 = 0. Let h = 1 - f. Suppose h = -r + 9 + 1. What is the units digit of r?
0
Let g(z) = z**2 - 2*z - 3. Let x be g(4). Suppose 0*a = a - x. Suppose 2*q = -a*u + 47, -5*u - 6*q + 2*q = -49. What is the units digit of u?
9
Let g(x) = -2*x + 41. What is the units digit of g(20)?
1
Let h be 12/18 - (-26)/6. Let c = -3 + h. What is the units digit of c?
2
Let f(u) = -u**3 - 20*u**2 - 22*u + 23. What is the tens digit of f(-19)?
8
Suppose 2*m = -4*h + 36, 2*m + 6*h = 4*h + 26. Let u = m + -2. Suppose b - u = -b. What is the units digit of b?
3
What is the units digit of (-45)/(-3)*(42/(-10) - -5)?
2
Suppose 3*j = 12 + 3. What is the units digit of j?
5
Let u = 4 + -1. Suppose 0 = -3*o + u*q + 49 - 4, -21 = -3*o - 3*q. What is the tens digit of o?
1
Suppose 3*v - 2*u - 60 = 20, -v - 3*u + 12 = 0. Suppose 0 = 3*z - z - 5*t - 45, 3*t + v = z. What is the units digit of z?
5
Suppose -3*f + 5*s + 340 = 2*f, 0 = 2*f + 2*s - 116. What is the tens digit of f?
6
Suppose 72 = -4*i - 8. Let x = -10 - i. What is the units digit of x?
0
Let h be 42/(-4) - 1/(-2). Suppose -2*b + 4*a = -16 - 14, -67 = -4*b + a. Let t = b + h. What is the units digit of t?
7
Let u(x) = -x**2 - 2*x - 1. Let l be u(0). What is the tens digit of 41 + -2 + 1*l?
3
Let i(n) = n**3 + 5*n**2 + 3*n - 3. Let a = 3 - 6. Let r be i(a). Suppose -2 = -r*o + 4*o, -o = 3*c - 25. What is the units digit of c?
8
Let h = -54 + 83. What is the tens digit of h?
2
Suppose 0 = 7*o - 6*o - 15. Suppose n + 2*p - o = -2, 3*n - 75 = 3*p. Let h = n - 6. What is the tens digit of h?
1
Let l = 179 + -114. What is the units digit of l?
5
Let n be 6*(7/(-2) - -3). What is the units digit of ((-4)/n)/((-12)/(-54))?
6
Let u = -40 + 62. What is the tens digit of u?
2
Let u(k) = -8*k - 3 - 5*k**2 + 7 - k**2 + k**3. Let n be u(7). What is the units digit of ((-1)/n)/(2/24)?
4
Let v(c) be the third derivative of 11*c**4/24 - c**3/6 + 3*c**2. What is the units digit of v(1)?
0
Let a = 55 + 52. What is the hundreds digit of a?
1
Let j(g) = g**2 + g - 1. Let y(p) = -2*p + 2. Let f be y(4). What is the tens digit of j(f)?
2
Suppose -2*y = 2*c - 160, y = -2*c - 17 + 95. What is the tens digit of y?
8
Let i = 11 - 15. Let b be i*(3 + 89/(-4)). Suppose -g - 5*j = -40, b = 3*g - j + 21. What is the tens digit of g?
2
Let q(v) = 2*v**3 - 11*v**2 + 12*v - 14. Let k = 7 + -4. Let s(n) = -n**3 + 10*n**2 - 11*n + 13. Let p(o) = k*s(o) + 2*q(o). What is the tens digit of p(-9)?
1
Suppose -m + 84 = 5*b, -3*b + 0*m + m = -52. What is the units digit of b?
7
Suppose o - 5 - 5 = 0. What is the units digit of o?
0
Suppose 2*p + 287 = 5*j - 2*j, -4*j - 2*p + 364 = 0. What is the tens digit of j?
9
Suppose -5*m - 3*i + 4 = 7, -5*m + 2 = -2*i. Suppose m*o - 2 = -o. What is the units digit of o?
2
Suppose -2*j = -j - 3. What is the units digit of j?
3
Suppose x - 45 = -0*x. Suppose 4*f - x = 11. What is the tens digit of f?
1
Let i be (-16)/6*45/(-10). Suppos